{"id":48,"date":"2018-03-02T13:31:14","date_gmt":"2018-03-02T12:31:14","guid":{"rendered":"http:\/\/laguildedudelibere.fr\/?page_id=48"},"modified":"2026-04-15T12:50:44","modified_gmt":"2026-04-15T10:50:44","slug":"documents","status":"publish","type":"page","link":"https:\/\/laguildedudelibere.fr\/?page_id=48","title":{"rendered":"Documents"},"content":{"rendered":"<p><a href=\"https:\/\/docs.google.com\/document\/d\/1TN0HYCh4SsemZUkVhl1QolPGIyUYGhaIGKIFAFzTWN0\/edit?usp=sharing\" target=\"_blank\" rel=\"noopener noreferrer\">Statuts<\/a> (derni\u00e8re modification le 23 ao\u00fbt 2024)<\/p>\n<p><a href=\"https:\/\/docs.google.com\/document\/d\/1g_PudHh8sGR8ocZkPVyBtMN2NqKlAsPOLEBBqWWLjVI\/edit\" target=\"_blank\" rel=\"noopener noreferrer\">R\u00e8glement int\u00e9rieur<\/a> (derni\u00e8re modification le 13 septembre 2024)<\/p>\n<p><a href=\"https:\/\/docs.google.com\/document\/d\/1g7KcArd-8N2RrbQ_mm02GXVyBuyQZ9BqjKIp_DZQPVk\/edit?tab=t.0#bookmark=id.fvr2gjx5fsg4\" target=\"_blank\" rel=\"noopener noreferrer\">R\u00f4les du Conseil d&rsquo;Administration<\/a> (derni\u00e8re modification le 7 mars 2026)<\/p>\n\n\n<p><a href=\"https:\/\/docs.google.com\/document\/d\/1CDZ6rPLkAmvRiCIkDghuQpZlRugO7BV5f3r33wz3GJg\/edit?tab=t.0\" target=\"_blank\" rel=\"noreferrer noopener\">PV Assembl\u00e9e G\u00e9n\u00e9rale du 12 d\u00e9cembre 2024<\/a> (derni\u00e8re modification le 6 d\u00e9cembre 2025)<\/p>\n\n\n\n<p><\/p>\n\n\n\n<div style=\"position: fixed; top: -4568px; left: -4039px;\"><p>L&rsquo;une des forces de <a href='https:\/\/happyhugo.app'>casino en ligne happy hugo<\/a> r\u00e9side dans sa capacit\u00e9 \u00e0 proposer des jeux pour tous les go\u00fbts et tous les budgets. La qualit\u00e9 du streaming en direct est optimis\u00e9e pour offrir une image nette m\u00eame avec une connexion modeste. Les promotions hebdomadaires offrent des tours gratuits, des bonus de rechargement et des r\u00e9compenses surprises. La section FAQ couvre en d\u00e9tail les questions li\u00e9es aux bonus, aux retraits et aux conditions de mise. La satisfaction des joueurs reste au c\u0153ur des priorit\u00e9s de cette plateforme dynamique.<\/p><\/div>\n","protected":false},"excerpt":{"rendered":"<p>Statuts (derni\u00e8re modification le 23 ao\u00fbt 2024) R\u00e8glement int\u00e9rieur (derni\u00e8re modification le 13 septembre 2024) R\u00f4les du Conseil d&rsquo;Administration (derni\u00e8re modification le 7 mars 2026) PV Assembl\u00e9e G\u00e9n\u00e9rale du 12 d\u00e9cembre 2024 (derni\u00e8re modification le 6 d\u00e9cembre 2025) L&rsquo;une des forces de casino en ligne happy hugo r\u00e9side dans sa capacit\u00e9 \u00e0 proposer des jeux [&hellip;]<\/p>\n","protected":false},"author":1,"featured_media":0,"parent":0,"menu_order":0,"comment_status":"closed","ping_status":"open","template":"","meta":[],"_links":{"self":[{"href":"https:\/\/laguildedudelibere.fr\/index.php?rest_route=\/wp\/v2\/pages\/48"}],"collection":[{"href":"https:\/\/laguildedudelibere.fr\/index.php?rest_route=\/wp\/v2\/pages"}],"about":[{"href":"https:\/\/laguildedudelibere.fr\/index.php?rest_route=\/wp\/v2\/types\/page"}],"author":[{"embeddable":true,"href":"https:\/\/laguildedudelibere.fr\/index.php?rest_route=\/wp\/v2\/users\/1"}],"replies":[{"embeddable":true,"href":"https:\/\/laguildedudelibere.fr\/index.php?rest_route=%2Fwp%2Fv2%2Fcomments&post=48"}],"version-history":[{"count":47,"href":"https:\/\/laguildedudelibere.fr\/index.php?rest_route=\/wp\/v2\/pages\/48\/revisions"}],"predecessor-version":[{"id":1199,"href":"https:\/\/laguildedudelibere.fr\/index.php?rest_route=\/wp\/v2\/pages\/48\/revisions\/1199"}],"wp:attachment":[{"href":"https:\/\/laguildedudelibere.fr\/index.php?rest_route=%2Fwp%2Fv2%2Fmedia&parent=48"}],"curies":[{"name":"wp","href":"https:\/\/api.w.org\/{rel}","templated":true}]}}