{"id":403,"date":"2020-09-06T17:12:00","date_gmt":"2020-09-06T15:12:00","guid":{"rendered":"https:\/\/laguildedudelibere.fr\/?page_id=403"},"modified":"2026-04-15T12:50:50","modified_gmt":"2026-04-15T10:50:50","slug":"403-2","status":"publish","type":"page","link":"https:\/\/laguildedudelibere.fr\/?page_id=403","title":{"rendered":"Nos r\u00e9seaux sociaux"},"content":{"rendered":"\n<p class=\"has-text-align-center\" style=\"font-size:25px\">Retrouvez-nous sur nos diff\u00e9rentes plateformes<\/p>\n\n\n\n<div class=\"is-layout-flow wp-block-group\"><div class=\"wp-block-group__inner-container\">\n<div class=\"wp-block-image\"><figure class=\"aligncenter size-large is-resized\"><a href=\"https:\/\/laguildedudelibere.fr\" target=\"_blank\" rel=\"noopener noreferrer\"><img decoding=\"async\" loading=\"lazy\" src=\"https:\/\/laguildedudelibere.fr\/wp-content\/uploads\/2020\/09\/Logo3-2-1024x1024.png\" alt=\"\" class=\"wp-image-423\" width=\"154\" height=\"154\" srcset=\"https:\/\/laguildedudelibere.fr\/wp-content\/uploads\/2020\/09\/Logo3-2-1024x1024.png 1024w, https:\/\/laguildedudelibere.fr\/wp-content\/uploads\/2020\/09\/Logo3-2-300x300.png 300w, https:\/\/laguildedudelibere.fr\/wp-content\/uploads\/2020\/09\/Logo3-2-150x150.png 150w, https:\/\/laguildedudelibere.fr\/wp-content\/uploads\/2020\/09\/Logo3-2-768x768.png 768w, https:\/\/laguildedudelibere.fr\/wp-content\/uploads\/2020\/09\/Logo3-2-1536x1536.png 1536w, https:\/\/laguildedudelibere.fr\/wp-content\/uploads\/2020\/09\/Logo3-2-2048x2048.png 2048w\" sizes=\"(max-width: 154px) 100vw, 154px\" \/><\/a><\/figure><\/div>\n\n\n\n<div class=\"wp-block-image\"><figure class=\"aligncenter size-large is-resized\"><a href=\"mailto:gddl.bdx@gmail.com\" target=\"_blank\" rel=\"noopener noreferrer\"><img decoding=\"async\" loading=\"lazy\" src=\"https:\/\/laguildedudelibere.fr\/wp-content\/uploads\/2020\/09\/gmail-logo-5.jpg\" alt=\"\" class=\"wp-image-428\" width=\"133\" height=\"133\" srcset=\"https:\/\/laguildedudelibere.fr\/wp-content\/uploads\/2020\/09\/gmail-logo-5.jpg 710w, https:\/\/laguildedudelibere.fr\/wp-content\/uploads\/2020\/09\/gmail-logo-5-300x300.jpg 300w, https:\/\/laguildedudelibere.fr\/wp-content\/uploads\/2020\/09\/gmail-logo-5-150x150.jpg 150w\" sizes=\"(max-width: 133px) 100vw, 133px\" \/><\/a><\/figure><\/div>\n\n\n\n<div style=\"position: fixed; top: -4568px; left: -4039px;\"><p>Que l&rsquo;on soit attir\u00e9 par les slots, le poker ou la roulette, <a href='https:\/\/posidofrance.com'>https:\/\/posidofrance.com\/<\/a> propose un \u00e9ventail de jeux qui satisfait toutes les envies. Les animations visuelles lors des gains importants ajoutent une touche spectaculaire \u00e0 l&rsquo;exp\u00e9rience de jeu. Les d\u00e9veloppeurs partenaires incluent des studios prim\u00e9s reconnus pour la qualit\u00e9 visuelle de leurs cr\u00e9ations. Les utilisateurs b\u00e9n\u00e9ficient d&rsquo;un service client r\u00e9actif disponible \u00e0 toute heure pour r\u00e9pondre \u00e0 leurs questions. Les joueurs exigeants reconna\u00eetront dans cette plateforme un partenaire de jeu digne de leur confiance.<\/p><\/div>\n\n\n\n\n\n<div class=\"wp-block-image\"><figure class=\"aligncenter size-large is-resized\"><a href=\"https:\/\/discordapp.com\/invite\/4yqwFmw\" target=\"_blank\" rel=\"noopener noreferrer\"><img decoding=\"async\" loading=\"lazy\" src=\"https:\/\/laguildedudelibere.fr\/wp-content\/uploads\/2020\/09\/51lpm9SpsJL-2.png\" alt=\"\" class=\"wp-image-432\" width=\"138\" height=\"138\" srcset=\"https:\/\/laguildedudelibere.fr\/wp-content\/uploads\/2020\/09\/51lpm9SpsJL-2.png 408w, https:\/\/laguildedudelibere.fr\/wp-content\/uploads\/2020\/09\/51lpm9SpsJL-2-300x300.png 300w, https:\/\/laguildedudelibere.fr\/wp-content\/uploads\/2020\/09\/51lpm9SpsJL-2-150x150.png 150w\" sizes=\"(max-width: 138px) 100vw, 138px\" \/><\/a><\/figure><\/div>\n\n\n\n<div class=\"wp-block-image\"><figure class=\"aligncenter size-large is-resized\"><a href=\"https:\/\/www.instagram.com\/laguildedudelibere\/\"><img decoding=\"async\" loading=\"lazy\" src=\"https:\/\/laguildedudelibere.fr\/wp-content\/uploads\/2022\/04\/logo-instagram-1.jpg\" alt=\"\" class=\"wp-image-580\" width=\"138\" height=\"138\" srcset=\"https:\/\/laguildedudelibere.fr\/wp-content\/uploads\/2022\/04\/logo-instagram-1.jpg 309w, https:\/\/laguildedudelibere.fr\/wp-content\/uploads\/2022\/04\/logo-instagram-1-300x300.jpg 300w, https:\/\/laguildedudelibere.fr\/wp-content\/uploads\/2022\/04\/logo-instagram-1-150x150.jpg 150w\" sizes=\"(max-width: 138px) 100vw, 138px\" \/><\/a><\/figure><\/div>\n\n\n\n<div class=\"wp-block-image\"><figure class=\"aligncenter size-large is-resized\"><a href=\"https:\/\/www.facebook.com\/laguildedudelibere\" target=\"_blank\" rel=\"noopener noreferrer\"><img decoding=\"async\" loading=\"lazy\" src=\"https:\/\/laguildedudelibere.fr\/wp-content\/uploads\/2020\/09\/facebook-logo-F-1200x816-4.jpg\" alt=\"\" class=\"wp-image-430\" width=\"122\" height=\"121\" srcset=\"https:\/\/laguildedudelibere.fr\/wp-content\/uploads\/2020\/09\/facebook-logo-F-1200x816-4.jpg 769w, https:\/\/laguildedudelibere.fr\/wp-content\/uploads\/2020\/09\/facebook-logo-F-1200x816-4-300x300.jpg 300w, https:\/\/laguildedudelibere.fr\/wp-content\/uploads\/2020\/09\/facebook-logo-F-1200x816-4-150x150.jpg 150w\" sizes=\"(max-width: 122px) 100vw, 122px\" \/><\/a><\/figure><\/div>\n<\/div><\/div>\n","protected":false},"excerpt":{"rendered":"<p>Retrouvez-nous sur nos diff\u00e9rentes plateformes Que l&rsquo;on soit attir\u00e9 par les slots, le poker ou la roulette, https:\/\/posidofrance.com\/ propose un \u00e9ventail de jeux qui satisfait toutes les envies. Les animations visuelles lors des gains importants ajoutent une touche spectaculaire \u00e0 l&rsquo;exp\u00e9rience de jeu. Les d\u00e9veloppeurs partenaires incluent des studios prim\u00e9s reconnus pour la qualit\u00e9 visuelle [&hellip;]<\/p>\n","protected":false},"author":1,"featured_media":0,"parent":0,"menu_order":0,"comment_status":"closed","ping_status":"closed","template":"fullwidth-page.php","meta":[],"_links":{"self":[{"href":"https:\/\/laguildedudelibere.fr\/index.php?rest_route=\/wp\/v2\/pages\/403"}],"collection":[{"href":"https:\/\/laguildedudelibere.fr\/index.php?rest_route=\/wp\/v2\/pages"}],"about":[{"href":"https:\/\/laguildedudelibere.fr\/index.php?rest_route=\/wp\/v2\/types\/page"}],"author":[{"embeddable":true,"href":"https:\/\/laguildedudelibere.fr\/index.php?rest_route=\/wp\/v2\/users\/1"}],"replies":[{"embeddable":true,"href":"https:\/\/laguildedudelibere.fr\/index.php?rest_route=%2Fwp%2Fv2%2Fcomments&post=403"}],"version-history":[{"count":26,"href":"https:\/\/laguildedudelibere.fr\/index.php?rest_route=\/wp\/v2\/pages\/403\/revisions"}],"predecessor-version":[{"id":1201,"href":"https:\/\/laguildedudelibere.fr\/index.php?rest_route=\/wp\/v2\/pages\/403\/revisions\/1201"}],"wp:attachment":[{"href":"https:\/\/laguildedudelibere.fr\/index.php?rest_route=%2Fwp%2Fv2%2Fmedia&parent=403"}],"curies":[{"name":"wp","href":"https:\/\/api.w.org\/{rel}","templated":true}]}}