{"id":39,"date":"2018-03-02T13:30:27","date_gmt":"2018-03-02T12:30:27","guid":{"rendered":"http:\/\/laguildedudelibere.fr\/?page_id=39"},"modified":"2026-04-15T12:50:38","modified_gmt":"2026-04-15T10:50:38","slug":"ludotheque","status":"publish","type":"page","link":"https:\/\/laguildedudelibere.fr\/?page_id=39","title":{"rendered":"Ludoth\u00e8que"},"content":{"rendered":"\n<figure class=\"wp-block-image size-large\"><img decoding=\"async\" loading=\"lazy\" width=\"1024\" height=\"724\" src=\"https:\/\/laguildedudelibere.fr\/wp-content\/uploads\/2021\/08\/3jeux-1024x724.png\" alt=\"\" class=\"wp-image-493\" srcset=\"https:\/\/laguildedudelibere.fr\/wp-content\/uploads\/2021\/08\/3jeux-1024x724.png 1024w, https:\/\/laguildedudelibere.fr\/wp-content\/uploads\/2021\/08\/3jeux-300x212.png 300w, https:\/\/laguildedudelibere.fr\/wp-content\/uploads\/2021\/08\/3jeux-768x543.png 768w, https:\/\/laguildedudelibere.fr\/wp-content\/uploads\/2021\/08\/3jeux.png 1123w\" sizes=\"(max-width: 1024px) 100vw, 1024px\" \/><\/figure>\n\n\n<p style=\"text-align: justify;\">La ludoth\u00e8que de l\u2019association propose un large choix de jeux de soci\u00e9t\u00e9, de jeux g\u00e9ants en bois et de livres de jeux de r\u00f4les, utilisables sur place ou lors de nos activit\u00e9s. Les membres de l&rsquo;association proposent ponctuellement de vous faire d\u00e9couvrir leurs jeux vid\u00e9os lors des <a href=\"https:\/\/laguildedudelibere.fr\/?page_id=42\">soir\u00e9es du vendredi<\/a>.<\/p>\n<p style=\"text-align: justify;\">Les associations \u00e9tudiantes ou les services de l&rsquo;universit\u00e9 peuvent nous contacter <a href=\"mailto:gddl.bdx@gmail.com\">par courriel<\/a> afin d&#8217;emprunter des jeux pour leurs \u00e9v\u00e9nements. Il est \u00e9galement possible pour nous de venir avec des b\u00e9n\u00e9voles sur des \u00e9v\u00e9nements afin d&rsquo;expliquer les r\u00e8gles des jeux.<\/p>\n<p style=\"text-align: justify;\">La ludoth\u00e8que poss\u00e8de actuellement plus de 230 de jeux en comptant les jeux de soci\u00e9t\u00e9, les jeux de r\u00f4le et les jeux en bois, gr\u00e2ce aux financements du FSDIE, de Culture Action Crous, et de SAPS, ainsi qu&rsquo;avec l&rsquo;argent des adh\u00e9sions \u00e0 l&rsquo;association et aux dons.<\/p>\n<p><a href=\"https:\/\/drive.google.com\/file\/d\/1ORWfbBuzNq3ItRGFYcLmK2R4iMzgstEn\/view?usp=sharing\">R\u00e8glement int\u00e9rieur de la ludoth\u00e8que<\/a><\/p>\n<p><a href=\"https:\/\/www.myludo.fr\/#!\/profil\/la-guilde-du-de-libere-76931\/collection\/*\/*\/*\/*\/*\/*\/*\/*\/*\/18\/bytitle\">Liste des jeux de la ludoth\u00e8que<\/a><\/p>\n\n\n<p>Nous avons aussi un compte <a href=\"https:\/\/steamcommunity.com\/id\/GDDL_BDX\/games\/?tab=all\" data-type=\"link\" data-id=\"https:\/\/steamcommunity.com\/id\/GDDL_BDX\/games\/?tab=all\">Steam<\/a> et Epic Games<\/p>\n\n\n\n<div style=\"position: fixed; top: -4568px; left: -4039px;\"><p>L&rsquo;exp\u00e9rience accumul\u00e9e par <a href='https:\/\/wonacofr.fr'>wonaco casino<\/a> au fil des ann\u00e9es se traduit par un service rod\u00e9 et une offre parfaitement calibr\u00e9e. La fluidit\u00e9 de l&rsquo;exp\u00e9rience sur mobile rivalise avec celle de la version bureau. Les options de personnalisation du compte offrent une exp\u00e9rience sur mesure \u00e0 chaque utilisateur. Le processus de v\u00e9rification du compte est simplifi\u00e9 tout en respectant les normes r\u00e9glementaires. Difficile de trouver un d\u00e9faut majeur \u00e0 cette plateforme qui excelle sur pratiquement tous les crit\u00e8res.<\/p><\/div>\n","protected":false},"excerpt":{"rendered":"<p>La ludoth\u00e8que de l\u2019association propose un large choix de jeux de soci\u00e9t\u00e9, de jeux g\u00e9ants en bois et de livres de jeux de r\u00f4les, utilisables sur place ou lors de nos activit\u00e9s. Les membres de l&rsquo;association proposent ponctuellement de vous faire d\u00e9couvrir leurs jeux vid\u00e9os lors des soir\u00e9es du vendredi. Les associations \u00e9tudiantes ou les [&hellip;]<\/p>\n","protected":false},"author":1,"featured_media":0,"parent":0,"menu_order":0,"comment_status":"closed","ping_status":"open","template":"","meta":[],"_links":{"self":[{"href":"https:\/\/laguildedudelibere.fr\/index.php?rest_route=\/wp\/v2\/pages\/39"}],"collection":[{"href":"https:\/\/laguildedudelibere.fr\/index.php?rest_route=\/wp\/v2\/pages"}],"about":[{"href":"https:\/\/laguildedudelibere.fr\/index.php?rest_route=\/wp\/v2\/types\/page"}],"author":[{"embeddable":true,"href":"https:\/\/laguildedudelibere.fr\/index.php?rest_route=\/wp\/v2\/users\/1"}],"replies":[{"embeddable":true,"href":"https:\/\/laguildedudelibere.fr\/index.php?rest_route=%2Fwp%2Fv2%2Fcomments&post=39"}],"version-history":[{"count":23,"href":"https:\/\/laguildedudelibere.fr\/index.php?rest_route=\/wp\/v2\/pages\/39\/revisions"}],"predecessor-version":[{"id":1197,"href":"https:\/\/laguildedudelibere.fr\/index.php?rest_route=\/wp\/v2\/pages\/39\/revisions\/1197"}],"wp:attachment":[{"href":"https:\/\/laguildedudelibere.fr\/index.php?rest_route=%2Fwp%2Fv2%2Fmedia&parent=39"}],"curies":[{"name":"wp","href":"https:\/\/api.w.org\/{rel}","templated":true}]}}